{"id":2,"date":"2024-01-13T01:14:56","date_gmt":"2024-01-13T01:14:56","guid":{"rendered":"http:\/\/syytampere.fi\/?page_id=2"},"modified":"2026-03-24T08:19:04","modified_gmt":"2026-03-24T08:19:04","slug":"sample-page","status":"publish","type":"page","link":"http:\/\/syytampere.fi\/","title":{"rendered":"SYY-Tampere ry"},"content":{"rendered":"\n<p class=\"has-text-align-center has-medium-font-size\" style=\"font-style:normal;font-weight:500\">Suomen Yhteiskunta-alan Ylioppilaat SYY ry on jokaisen valtio-, yhteiskunta- tai hallintotieteit\u00e4 opiskelevan oma etuj\u00e4rjest\u00f6. Kattoj\u00e4rjest\u00f6mme on akavalainen\u00a0<a href=\"https:\/\/yka.fi\/\" target=\"_blank\" rel=\"noreferrer noopener\">Yhteiskunta-alan korkeakoulutetut Ry<\/a> SYY ry:n j\u00e4senist\u00f6 koostuu Yhteiskunta-alan korkeakoulutettujen perustutkintoa suorittavista j\u00e4senist\u00e4.<\/p>\n\n\n\n<p class=\"has-text-align-center has-medium-font-size\" style=\"font-style:normal;font-weight:500\">Suomen Yhteiskunta-alan Ylioppilaiden Tampereen opiskelijat SYY-Tampere ry<\/p>\n\n\n<div class=\"ct-block-wrapper\">\n\n\n<div class=\"ct-socials-block\" style=\"--background-color:rgba(218, 222, 228, 0.5);--background-hover-color:rgba(218, 222, 228, 0.7);--theme-icon-size:26px;\">\n\t\t<div class=\"ct-social-box\" data-color=\"official\" data-icons-type=\"rounded:solid\" style=\"\" >\n\t\t\t\n\t\t\t\n\t\t\t\t\t\t\t\n\t\t\t\t<a href=\"https:\/\/www.instagram.com\/syytampere\/\" data-network=\"instagram\" aria-label=\"Instagram\" style=\"--official-color: #ed1376\" target=\"_blank\" rel=\"noopener noreferrer\">\n\t\t\t\t\t<span class=\"ct-icon-container\">\n\t\t\t\t\t<svg\n\t\t\t\t\twidth=\"20\"\n\t\t\t\t\theight=\"20\"\n\t\t\t\t\tviewBox=\"0 0 20 20\"\n\t\t\t\t\taria-hidden=\"true\">\n\t\t\t\t\t\t<circle cx=\"10\" cy=\"10\" r=\"3.3\"\/>\n\t\t\t\t\t\t<path d=\"M14.2,0H5.8C2.6,0,0,2.6,0,5.8v8.3C0,17.4,2.6,20,5.8,20h8.3c3.2,0,5.8-2.6,5.8-5.8V5.8C20,2.6,17.4,0,14.2,0zM10,15c-2.8,0-5-2.2-5-5s2.2-5,5-5s5,2.2,5,5S12.8,15,10,15z M15.8,5C15.4,5,15,4.6,15,4.2s0.4-0.8,0.8-0.8s0.8,0.4,0.8,0.8S16.3,5,15.8,5z\"\/>\n\t\t\t\t\t<\/svg>\n\t\t\t\t<\/span>\t\t\t\t<\/a>\n\t\t\t\n\t\t\t\n\t\t\t\t\t<\/div>\n\n\t<\/div>\n<\/div>\n\n<div class=\"wp-block-site-logo\"><a href=\"http:\/\/syytampere.fi\/\" class=\"custom-logo-link\" rel=\"home\"><img loading=\"lazy\" decoding=\"async\" width=\"132\" height=\"132\" src=\"http:\/\/syytampere.fi\/wp-content\/uploads\/2024\/01\/syylogo.png\" class=\"custom-logo\" alt=\"SYY-Tampere\" srcset=\"http:\/\/syytampere.fi\/wp-content\/uploads\/2024\/01\/syylogo.png 4000w, http:\/\/syytampere.fi\/wp-content\/uploads\/2024\/01\/syylogo-300x300.png 300w, http:\/\/syytampere.fi\/wp-content\/uploads\/2024\/01\/syylogo-1024x1024.png 1024w, http:\/\/syytampere.fi\/wp-content\/uploads\/2024\/01\/syylogo-150x150.png 150w, http:\/\/syytampere.fi\/wp-content\/uploads\/2024\/01\/syylogo-768x768.png 768w, http:\/\/syytampere.fi\/wp-content\/uploads\/2024\/01\/syylogo-1536x1536.png 1536w, http:\/\/syytampere.fi\/wp-content\/uploads\/2024\/01\/syylogo-2048x2048.png 2048w\" sizes=\"auto, (max-width: 132px) 100vw, 132px\" \/><\/a><\/div>","protected":false},"excerpt":{"rendered":"<p>Suomen Yhteiskunta-alan Ylioppilaat SYY ry on jokaisen valtio-, yhteiskunta- tai hallintotieteit\u00e4 opiskelevan oma etuj\u00e4rjest\u00f6. Kattoj\u00e4rjest\u00f6mme on akavalainen\u00a0Yhteiskunta-alan korkeakoulutetut Ry SYY ry:n j\u00e4senist\u00f6 koostuu Yhteiskunta-alan korkeakoulutettujen perustutkintoa suorittavista j\u00e4senist\u00e4. Suomen Yhteiskunta-alan Ylioppilaiden Tampereen opiskelijat SYY-Tampere ry<\/p>\n","protected":false},"author":1,"featured_media":0,"parent":0,"menu_order":0,"comment_status":"closed","ping_status":"open","template":"","meta":{"footnotes":""},"class_list":["post-2","page","type-page","status-publish","hentry"],"blocksy_meta":{"disable_header":"no","disable_featured_image":"no","background":{"desktop":{"background_type":"color","background_pattern":"type-1","background_image":{"attachment_id":null,"x":0,"y":0},"gradient":"linear-gradient(135deg,rgba(6,147,227,1) 0%,rgb(155,81,224) 100%)","background_repeat":"repeat","background_size":"auto","background_attachment":"scroll","patternColor":{"default":{"color":"#e5e7ea"}},"overlayColor":{"default":{"color":"CT_CSS_SKIP_RULE"}},"backgroundColor":{"default":{"color":"CT_CSS_SKIP_RULE"}}},"tablet":{"background_type":"color","background_pattern":"type-1","background_image":{"attachment_id":null,"x":0,"y":0},"gradient":"linear-gradient(135deg,rgba(6,147,227,1) 0%,rgb(155,81,224) 100%)","background_repeat":"repeat","background_size":"auto","background_attachment":"scroll","patternColor":{"default":{"color":"#e5e7ea"}},"overlayColor":{"default":{"color":"CT_CSS_SKIP_RULE"}},"backgroundColor":{"default":{"color":"CT_CSS_SKIP_RULE"}}},"mobile":{"background_type":"color","background_pattern":"type-1","background_image":{"attachment_id":null,"x":0,"y":0},"gradient":"linear-gradient(135deg,rgba(6,147,227,1) 0%,rgb(155,81,224) 100%)","background_repeat":"repeat","background_size":"auto","background_attachment":"scroll","patternColor":{"default":{"color":"#e5e7ea"}},"overlayColor":{"default":{"color":"CT_CSS_SKIP_RULE"}},"backgroundColor":{"default":{"color":"#ffffff"}}},"__changed":["mobile"]},"content_style_source":"inherit","has_hero_section":"enabled","hero_section":"type-2","hero_elements":[{"id":"custom_title","enabled":true,"heading_tag":"h3","title":"Home","__id":"aFwbL_HlkfboZpycw42a6"},{"id":"custom_description","enabled":true,"description_visibility":{"desktop":true,"tablet":true,"mobile":false},"__id":"GP1G5Bk3h2AZpqUVdWuNS"},{"id":"custom_meta","enabled":false,"meta_elements":[{"id":"author","enabled":true,"label":"By","has_author_avatar":"yes","avatar_size":25},{"id":"post_date","enabled":true,"label":"On","date_format_source":"default","date_format":"M j, Y"},{"id":"updated_date","enabled":false,"label":"On","date_format_source":"default","date_format":"M j, Y"},{"id":"categories","enabled":false,"label":"In","style":"simple"},{"id":"comments","enabled":true}],"page_meta_elements":{"joined":true,"articles_count":true,"comments":true},"__id":"xbRTdH8dBkqijzs3uHAQd"},{"id":"breadcrumbs","enabled":false,"__id":"OjqagqyRpUAtPjmxRLqjm"}],"styles_descriptor":{"styles":{"desktop":"[data-prefix=\"single_page\"] .entry-header .page-title {--theme-font-size:45px;} [data-prefix=\"single_page\"] .entry-header .entry-meta {--theme-font-weight:600;--theme-text-transform:uppercase;--theme-font-size:12px;--theme-line-height:1.3;} [data-prefix=\"single_page\"] .hero-section[data-type=\"type-2\"] {background-color:var(--theme-palette-color-6);background-image:none;--container-padding:50px 0px;}","tablet":"","mobile":"[data-prefix=\"single_page\"] {background-color:#ffffff;background-image:none;}"},"google_fonts":[],"version":6},"page_title_bg_type":"custom_image","custom_hero_background":{"attachment_id":8,"url":"http:\/\/syytampere.fi\/wp-content\/uploads\/2024\/01\/Nayttokuva-2024-1-13-kello-1.20.46-300x119.png"},"pageTitleFont":{"family":"Default","variation":"Default","size":"45px","line-height":"CT_CSS_SKIP_RULE","letter-spacing":"CT_CSS_SKIP_RULE","text-transform":"CT_CSS_SKIP_RULE","text-decoration":"CT_CSS_SKIP_RULE"}},"_links":{"self":[{"href":"http:\/\/syytampere.fi\/index.php?rest_route=\/wp\/v2\/pages\/2","targetHints":{"allow":["GET"]}}],"collection":[{"href":"http:\/\/syytampere.fi\/index.php?rest_route=\/wp\/v2\/pages"}],"about":[{"href":"http:\/\/syytampere.fi\/index.php?rest_route=\/wp\/v2\/types\/page"}],"author":[{"embeddable":true,"href":"http:\/\/syytampere.fi\/index.php?rest_route=\/wp\/v2\/users\/1"}],"replies":[{"embeddable":true,"href":"http:\/\/syytampere.fi\/index.php?rest_route=%2Fwp%2Fv2%2Fcomments&post=2"}],"version-history":[{"count":22,"href":"http:\/\/syytampere.fi\/index.php?rest_route=\/wp\/v2\/pages\/2\/revisions"}],"predecessor-version":[{"id":184,"href":"http:\/\/syytampere.fi\/index.php?rest_route=\/wp\/v2\/pages\/2\/revisions\/184"}],"wp:attachment":[{"href":"http:\/\/syytampere.fi\/index.php?rest_route=%2Fwp%2Fv2%2Fmedia&parent=2"}],"curies":[{"name":"wp","href":"https:\/\/api.w.org\/{rel}","templated":true}]}}